digit of 202182?
8
What is the millions digit of 4466512?
4
What is the ten thousands digit of 9589576?
8
What is the hundreds digit of 49400?
4
What is the millions digit of 3903025?
3
What is the hundreds digit of 19475548?
5
What is the ten thousands digit of 961066?
6
What is the hundred thousands digit of 360764?
3
What is the ten thousands digit of 178607?
7
What is the hundred thousands digit of 489503?
4
What is the hundreds digit of 6963954?
9
What is the units digit of 1416773?
3
What is the units digit of 82523?
3
What is the hundred thousands digit of 595096?
5
What is the tens digit of 7395587?
8
What is the tens digit of 119878?
7
What is the hundreds digit of 1189774?
7
What is the hundreds digit of 646298?
2
What is the ten thousands digit of 16749?
1
What is the hundreds digit of 35544784?
7
What is the hundreds digit of 9776715?
7
What is the ten thousands digit of 193402?
9
What is the ten thousands digit of 59420?
5
What is the tens digit of 413462?
6
What is the thousands digit of 211542?
1
What is the ten thousands digit of 3024916?
2
What is the hundred thousands digit of 1071822?
0
What is the hundreds digit of 32066?
0
What is the units digit of 1964037?
7
What is the thousands digit of 258028?
8
What is the hundreds digit of 1053259?
2
What is the units digit of 352405?
5
What is the tens digit of 505550?
5
What is the millions digit of 1435791?
1
What is the tens digit of 552558?
5
What is the ten thousands digit of 13379255?
7
What is the ten thousands digit of 12109594?
0
What is the hundreds digit of 104607?
6
What is the thousands digit of 2711725?
1
What is the ten thousands digit of 3076891?
7
What is the millions digit of 2627217?
2
What is the hundreds digit of 255042?
0
What is the hundreds digit of 7277284?
2
What is the millions digit of 5943747?
5
What is the hundreds digit of 899082?
0
What is the hundred thousands digit of 7342021?
3
What is the millions digit of 3054497?
3
What is the hundreds digit of 919097?
0
What is the thousands digit of 175098?
5
What is the tens digit of 541074?
7
What is the thousands digit of 7000584?
0
What is the thousands digit of 131897?
1
What is the units digit of 8527?
7
What is the units digit of 8970244?
4
What is the ten thousands digit of 2696891?
9
What is the ten thousands digit of 11011828?
1
What is the units digit of 3029022?
2
What is the units digit of 10384560?
0
What is the tens digit of 5502040?
4
What is the millions digit of 3440587?
3
What is the units digit of 305943?
3
What is the hundred thousands digit of 247124?
2
What is the hundred thousands digit of 534099?
5
What is the hundred thousands digit of 1087927?
0
What is the ten thousands digit of 6788031?
8
What is the tens digit of 941278?
7
What is the ten thousands digit of 130382?
3
What is the units digit of 2053006?
6
What is the tens digit of 1931278?
7
What is the hundred thousands digit of 331116?
3
What is the units digit of 10012256?
6
What is the thousands digit of 14637033?
7
What is the hundred thousands digit of 1218812?
2
What is the hundred thousands digit of 2195324?
1
What is the units digit of 454419?
9
What is the tens digit of 38707?
0
What is the hundreds digit of 3064832?
8
What is the thousands digit of 226817?
6
What is the tens digit of 9765095?
9
What is the thousands digit of 5896752?
6
What is the hundred thousands digit of 348710?
3
What is the thousands digit of 545372?
5
What is the tens digit of 21162627?
2
What is the tens digit of 1718616?
1
What is the tens digit of 169111?
1
What is the tens digit of 697590?
9
What is the millions digit of 6232860?
6
What is the hundred thousands digit of 6049879?
0
What is the tens digit of 1625973?
7
What is the hundreds digit of 310327?
3
What is the ten thousands digit of 200685?
0
What is the thousands digit of 1243244?
3
What is the ten thousands digit of 983979?
8
What is the tens digit of 198757?
5
What is the hundreds digit of 18541336?
3
What is the ten thousands digit of 1700920?
0
What is the hundred thousands digit of 8563653?
5
What is the ten thousands digit of 1307469?
0
What is the hundred thousands digit of 561105?
5
What is the hundred thousands digit of 3781782?
7
What is the hundreds digit of 20486301?
3
What is the units digit of 3205130?
0
What is the ten thousands digit of 272217?
7
What is the hundreds digit of 163406?
4
What is the hundred thousands digit of 3722811?
7
What is the hundreds digit of 1901263?
2
What is the units digit of 29914526?
6
What is the hundred thousands digit of 2047825?
0
What is the ten thousands digit of 24523?
2
What is the ten thousands digit of 17512193?
1
What is the thousands digit of 271969?
1
What is the hundred thousands digit of 122636?
1
What is the units digit of 263929?
9
What is the ten millions digit of 11514546?
1
What is the units digit of 6094982?
2
What is the hundreds digit of 234752?
7
What is the units digit of 17416217?
7
What is the hundred thousands digit of 279105?
2
What is the hundreds digit of 15389030?
0
What is the hundred thousands digit of 299845?
2
What is the millions digit of 1115953?
1
What is the ten thousands digit of 1135750?
3
What is the hundred thousands digit of 4577607?
5
What is the hundred thousands digit of 1217850?
2
What is the hundreds digit of 32657422?
4
What is the hundred thousands digit of 708584?
7
What is the thousands digit of 1153639?
3
What is the units digit of 2966642?
2
What is the tens digit of 3639357?
5
What is the tens digit of 1904698?
9
What is the thousands digit of 325258?
5
What is the ten thousands digit of 4072659?
7
What is the hundreds digit of 261362?
3
What is the ten millions digit of 10640804?
1
What is the hundreds digit of 7867880?
8
What is the tens digit of 787739?
3
What is the thousands digit of 125953?
5
What is the units digit of 9114849?
9
What is the hundred thousands digit of 359411?
3
What is the ten millions digit of 11108226?
1
What is the ten thousands digit of 120695?
2
What is the hundreds digit of 275672?
6
What is the hundred thousands digit of 244813?
2
What is the units digit of 18019015?
5
What is the millions digit of 1764662?
1
What is the thousands digit of 1127705?
7
What is the thousands digit of 16798145?
8
What is the millions digit of 2484476?
2
What is the units digit of 2713037?
7
What is the ten thousands digit of 7253919?
5
What is the tens digit of 617357?
5
What is the units digit of 748136?
6
What is the hundred thousands digit of 8465766?
4
What is the tens digit of 190032?
3
What is the hundred thousands digit of 129264?
1
What is the hundred thousands digit of 901432?
9
What is the thousands digit of 188850?
8
What is the units digit of 8845236?
6
What is the thousands digit of 22190402?
0
What is the units digit of 8464906?
6
What is the thousands digit of 14003225?
3
What is the ten thousands digit of 549467?
4
What is the tens digit of 44067?
6
What is the ten thousands digit of 15067558?
6
What is the ten thousands digit of 9897087?
9
What is the units digit of 14109519?
9
What is the ten thousands digit of 8500414?
0
What is the ten thousands digit of 3071781?
7
What is the hundreds digit of 26403413?
4
What is the thousands digit of 535549?
5
What is the tens digit of 199654?
5
What is the thousands digit of 1067807?
7
What is the tens digit of 1184?
8
What is the millions digit of 7803452?
7
What is the ten thousands digit of 861112?
6
What is the thousands digit of 3789292?
9
What is the millions digit of 31779064?
1
What is the hundred thousands digit of 169119?
1
What is the tens digit of 12971372?
7
What is the ten millions digit of 34195120?
3
What is the hundred thousands digit of 1823574?
8
What is the thousands digit of 113275?
3
What is the hundreds digit of 2519967?
9
What is the thousands digit of 1010133?
0
What is the ten millions digit of 16741128?
1
What is the ten thousands digit of 3224398?
2
What is the tens digit of 494654?
5
What is the hundred thousands digit of 2231744?
2
What is the hundred thousands digit of 4448378?
4
What is the hundred thousands digit of 145476?
1
What is the ten thousands digit of 468884?
6
What is the units digit of 135718?
8
What is the millions digit of 1273099?
1
What is the thousands digit of 13249